e greatest common factor of 350 and h?
14
Let y be 21/9*3 - -1. Let z = y + -2. Calculate the highest common divisor of z and 24.
6
Let k = -1667 - -1765. What is the greatest common divisor of k and 35?
7
Let s = -5 + 8. Suppose 4*y - y + 33 = s*p, p + 3*y - 7 = 0. Let w be (4 + 91/(-28))/(1/120). What is the highest common divisor of w and p?
10
Suppose 0 = -2*o - o + 27. Let u = -1262 - -1334. Calculate the greatest common divisor of o and u.
9
Let w = -8 + 15. Let r(a) = -3*a**2 - 19*a - 19. Let j be r(-5). What is the highest common divisor of j and w?
1
Let r = -332 + 474. Suppose -15*k = -r + 37. Suppose -4*m - 5*s = -33, 3*m = -3*s + 6 + 18. What is the greatest common divisor of m and k?
7
Let w(n) = n**3 + 27*n**2 - 91*n + 51. Let h be w(-30). Calculate the highest common divisor of h and 324.
81
Suppose 1445 = 8*x - 155. Let c be (-13)/6 + 4/24 + x. Calculate the greatest common divisor of c and 22.
22
Suppose -4 = -3*d - 3*l - 55, 0 = 4*d + 2*l + 60. Let t = d + 22. Let u be ((-1215)/(-225) + (-6)/(-10))*1/2. Calculate the highest common factor of t and u.
3
Suppose -34*i + 22670 = -13438. Calculate the highest common divisor of i and 18.
18
Suppose -57 = v - 2*v + 3*t, v = -3*t + 51. Suppose 0 = 2*d + 5*r - 22, 3*r = d + 2*d - v. Calculate the highest common factor of 8 and d.
8
Suppose 0*x - 5*x = -725. Let g be (-286)/(-10) + (-8)/(-20). What is the greatest common divisor of g and x?
29
Let g = -541 - -556. What is the highest common factor of 40 and g?
5
Let b be -2 + 7/((-7)/(-198)). Let r = b + -96. Let q = 217 - r. What is the greatest common factor of 13 and q?
13
Suppose 1 = 3*o - 17. Let r be o/24 - ((-12)/16 + -2). What is the greatest common divisor of 2 and r?
1
Let j(l) = -17 + 6 - 13 + 4*l + 2. Let s be j(9). Calculate the highest common divisor of s and 42.
14
Let y(z) = -z + 1. Let m(w) = -4*w - 14. Let j(u) = -m(u) + 6*y(u). Let v be j(6). Calculate the greatest common factor of v and 1.
1
Let h(j) = 3*j**3 - 36*j**2 + 14*j + 31. Let q be h(13). What is the highest common divisor of 160 and q?
80
Let z(y) = -5 - 2*y**2 + 1 + 2 + 2*y**3 - 4 + y. Let w be z(3). What is the highest common factor of w and 264?
33
Suppose -2*m + 6*m - 288 = -5*n, 4*m - 288 = 4*n. Suppose 106*v - 35*v - 568 = 0. What is the highest common factor of m and v?
8
Suppose 4*b - 110 = -b. Suppose 2*r = 2*u + b, r + 40 = 5*r - 2*u. Let g = 92 - 56. What is the greatest common divisor of r and g?
9
Let u = -458 - -479. Let l = 6 + -22. Let z be l/4*(-14)/8. Calculate the greatest common divisor of u and z.
7
Suppose -5*k - 5*b - 55 = 20, -k + 5*b = 15. Let h be k/2*240/(-25). Calculate the greatest common divisor of 24 and h.
24
Let z = -22653 + 22761. Let f(y) = y**2 + 6*y - 4. Suppose -6 = d - 5*u, 0 = -d + 2*d - 3*u + 2. Let x be f(d). What is the greatest common factor of z and x?
36
Let l be -22*(-8)/(-20)*-30. What is the highest common divisor of l and 48?
24
Suppose 0 = 3*i - 0*i + 2*w - 248, -12 = -3*w. What is the greatest common divisor of i and 32?
16
Suppose 898 - 430 = 13*m. What is the greatest common divisor of m and 612?
36
Let x be 0/1 - 25/(-5). Let t(n) = n**3 + 24*n**2 + 23*n + 55. Let h be t(-23). Calculate the highest common factor of h and x.
5
Let u = 350 + -103. Suppose -u = -5*p - 3*i + 370, 2*i + 113 = p. Let y(v) = -2*v**3 + 2*v - 1. Let s be y(-2). What is the greatest common divisor of p and s?
11
Let o = 1470 + -1110. What is the greatest common divisor of 80 and o?
40
Suppose q - 6*q = -7*q. Let x be 2*1 + (-2 - -1). Suppose -f + q = -x. Calculate the greatest common divisor of f and 9.
1
Let a(b) = -b**3 + 6*b**2 + 2*b + 10. Let n be a(5). Let o = -41 + 21. Let h = -15 - o. Calculate the greatest common divisor of h and n.
5
Let h = 4 - -7. Suppose 2*f = 3*f - h. Suppose -f*l + 78 = -8*l. What is the highest common divisor of 13 and l?
13
Suppose -u + p + 8 = 5*p, 6 = 4*u + 3*p. Suppose -5*x + u*x + 2*w = -84, w = 3. What is the greatest common divisor of x and 36?
18
Let x = 1646 - 1071. Calculate the greatest common factor of 23 and x.
23
Suppose 9*h + 392 = 617. What is the highest common factor of 425 and h?
25
Let q be (-220)/12 - 6/9. Let y = 28 + q. What is the greatest common factor of y and 99?
9
Let w(j) = j**3 - 3*j**2 + 3*j + 16. Suppose -276 + 251 = -5*i. Let t be w(i). Suppose -3*o + 41 = 14. Calculate the highest common divisor of o and t.
9
Let n be 40/14*(-1428)/(-24). Let y = n + -154. What is the highest common divisor of y and 128?
16
Let p(i) = -2*i**3 - 4*i**2 + 5*i + 7. Let g be p(-5). Let w = 356 - g. What is the greatest common factor of w and 32?
32
Suppose 9*m + 15 = 14*m. Suppose m*g - 13 = -7. What is the greatest common factor of 18 and g?
2
Suppose 3*o = -2*g - 24, -4*o - 10 = -g + 11. Let l be ((-50)/o - 5)*(-6)/(-4). What is the greatest common divisor of 15 and l?
5
Suppose 0 = 63*l - 60*l - 5*q - 14, 0 = -l - q + 10. Let m be -1 - 4/(-8)*4. Calculate the greatest common factor of m and l.
1
Suppose -8 = 4*q - 104. Calculate the greatest common factor of q and 60.
12
Let k(l) = 4*l**2 + 2*l + 1. Let w be k(-1). Suppose -w*g + 7*g - 401 = f, 0 = -3*g + 5*f + 305. What is the greatest common factor of 40 and g?
20
Let l = 293 + -285. What is the highest common divisor of 232 and l?
8
Let d be (-25)/(-2) + (-1)/2. Suppose 0 = 6*o + 1661 + 6247. Let v be (4/(-5))/(-4) + o/(-10). What is the greatest common factor of v and d?
12
Suppose i - 210 = d, i - 218 = 9*d - 4*d. Calculate the highest common factor of i and 16.
16
Suppose 559 = -111*l + 112*l. Calculate the greatest common divisor of 13 and l.
13
Suppose 0 = 7*w - 588 + 105. What is the highest common divisor of w and 368?
23
Suppose -8*w - 3*w = -3300. Calculate the greatest common divisor of w and 25.
25
Let s(c) = -c**2 + 13*c - 38. Let l be s(5). What is the highest common factor of l and 16?
2
Suppose 0 = 41*u - 33*u - 1440. Calculate the highest common factor of 300 and u.
60
Suppose -j + 11*i + 53 = 16*i, -61 = -2*j - i. Calculate the highest common factor of 196 and j.
28
Suppose -2*y - 31 = 11. Let h be ((4 - 3) + -3)*-14. Let l = h + y. What is the highest common divisor of l and 56?
7
Let f be (1 + 1)/(-3*4/492). Suppose 381 = 3*o - 3*j, 0*j - 4*j = 5*o - 590. Let s = f + o. Calculate the highest common factor of 8 and s.
8
Let u be (-22 - -13)*(0 + 3). Let l = u + 36. What is the highest common divisor of 1 and l?
1
Let u(c) = 114*c**2 - 6. Let i be u(-2). What is the highest common divisor of i and 18?
18
Let g(j) = 11*j**3 + 3*j**2 + j + 3. Let p(f) = f**2 - f + 2. Let s be p(0). Let u be g(s). What is the greatest common divisor of 35 and u?
35
Let k be (-1518)/(-3) + (0 + 0 - 0). Suppose -12 = 4*g, 5*u = 2*g - k + 1632. Calculate the greatest common divisor of 14 and u.
14
Let g(b) = 12*b - 629. Let a be g(55). What is the greatest common divisor of a and 155?
31
Suppose -5*f - 2 = -5*w - 12, 2*w - 12 = -2*f. Suppose 14 - w = o. What is the greatest common factor of o and 12?
12
Let r(t) = 111*t**3 + t**2 - t - 1. Let m be r(-1). Let x be (m/(-15))/(7/3 - 2). Calculate the highest common factor of 66 and x.
22
Let b = 32 + -5. Suppose -53 - b = -2*j. What is the highest common factor of j and 10?
10
Let r(s) = -s**2 - 15*s + 14. Let x be r(-13). Suppose x = w - 6*w. Let f = w - -32. What is the highest common divisor of f and 120?
24
Let k(f) = 10*f - 2. Let c be k(1). Let y be 1*(30/c)/(1/4). Calculate the highest common factor of 10 and y.
5
Let a(v) = -v**2 + 15*v - 6. Suppose 3*z - 5*z - 2 = 0. Let o = 9 + z. Let g be a(o). What is the highest common factor of g and 25?
25
Let k(r) = -2*r + 5. Let u be k(-18). Let h be (-2)/(((-4)/6)/1). Suppose u - 161 = -h*d. What is the greatest common divisor of 16 and d?
8
Let b be (-79)/(-4) + (-8)/(-32). Calculate the greatest common divisor of 45 and b.
5
Let n = 2491 - 2475. Calculate the greatest common divisor of 84 and n.
4
Suppose 0 = 4*l - 5*w - 117, -14*w = l - 13*w - 18. Calculate the highest common divisor of 368 and l.
23
Let i = 271 + -110. Suppose 0 = -5*l + 5*f + 120, -l + 0*f - 4*f + 19 = 0. What is the highest common divisor of i and l?
23
Let o be 39 - -1 - 96/(-32). Calculate the greatest common factor of o and 3096.
43
Suppose -g - 216 = -9*